{"id":3854,"date":"2025-12-02T18:33:35","date_gmt":"2025-12-02T16:33:35","guid":{"rendered":"https:\/\/www.eczk.cz\/?page_id=3854"},"modified":"2025-12-09T15:06:10","modified_gmt":"2025-12-09T13:06:10","slug":"krasa-bez-skalpelu","status":"publish","type":"page","link":"https:\/\/www.eczk.cz\/index.php\/krasa-bez-skalpelu\/","title":{"rendered":"Kr\u00e1sa bez skalpelu"},"content":{"rendered":"<div id=\"themify_builder_content-3854\" data-postid=\"3854\" class=\"themify_builder_content themify_builder_content-3854 themify_builder tf_clear\">\n    \t<!-- module_row -->\n\t<div   data-css_id=\"tb_5wl3123\" data-lazy=\"1\" class=\"themify_builder_row module_row fullwidth tb_5wl3123 tb_first clearfix\">\n\t    \t    <div class=\"row_inner col_align_top tf_box tf_w tf_rel\" >\n\t\t\t<div  data-lazy=\"1\" class=\"module_column tb-column col-full first tb_9uoo123 tf_box\">\n\t    \t    \t        <div class=\"tb-column-inner tf_box tf_w\">\n\t\t    <!-- module text -->\n<div  class=\"module module-text tb_6kwd583   \" data-lazy=\"1\">\n            <div  class=\"tb_text_wrap\">\n    <h1 style=\"text-align: center;\">Kr\u00e1sa bez skalpelu &#8211; seri\u00e1l R\u00e1dia Jih<\/h1>    <\/div>\n<\/div>\n<!-- \/module text -->\t<div  data-lazy=\"1\" class=\"themify_builder_sub_row module_subrow tb_1gnw120 tf_w clearfix\">\n\t    \t    <div class=\"subrow_inner col_align_top tf_box tf_w\" >\n\t\t\t<div  data-lazy=\"1\" class=\"sub_column module_column tf_box col4-1 first tb_adek120\"> \n\t    \t    \t<\/div>\n\t\t<div  data-lazy=\"1\" class=\"sub_column module_column tf_box col4-1 second tb_0i5j121\"> \n\t    \t    \t        <div class=\"tb-column-inner tf_box tf_w\">\n\t\t    <!-- module text -->\n<div  class=\"module module-text tb_et1g70   \" data-lazy=\"1\">\n            <div  class=\"tb_text_wrap\">\n    <p style=\"text-align: center;\"><strong>Kr\u00e1sa bez skalpelu 1. \u010d\u00e1st<\/strong><\/p>    <\/div>\n<\/div>\n<!-- \/module text --><!-- module video -->\n<div  class=\"module module-video tb_84xw293 video-top  \" data-lazy=\"1\" data-url=\"https:\/\/youtu.be\/Lc6OQMcGd3A\">\n            <div class=\"video-wrap tf_rel tf_overflow\">\n\t    <\/div>\n    <!-- \/video-wrap -->\n\n    <\/div>\n<!-- module text -->\n<div  class=\"module module-text tb_6jtf385   \" data-lazy=\"1\">\n            <div  class=\"tb_text_wrap\">\n    <p style=\"text-align: center;\"><strong>Kr\u00e1sa bez skalpelu 3. \u010d\u00e1st<\/strong><\/p>    <\/div>\n<\/div>\n<!-- \/module text --><!-- module video -->\n<div  class=\"module module-video tb_s71y615 video-top  \" data-lazy=\"1\" data-url=\"https:\/\/youtu.be\/TyKnWqKlCh4\">\n            <div class=\"video-wrap tf_rel tf_overflow\">\n\t    <\/div>\n    <!-- \/video-wrap -->\n\n    <\/div>\n\t        <\/div>\n\t    \t<\/div>\n\t\t<div  data-lazy=\"1\" class=\"sub_column module_column tf_box col4-1 third tb_eh6m121\"> \n\t    \t    \t        <div class=\"tb-column-inner tf_box tf_w\">\n\t\t    <!-- module text -->\n<div  class=\"module module-text tb_pkv8927   \" data-lazy=\"1\">\n            <div  class=\"tb_text_wrap\">\n    <p style=\"text-align: center;\"><strong>Kr\u00e1sa bez skalpelu 2. \u010d\u00e1st<\/strong><\/p>    <\/div>\n<\/div>\n<!-- \/module text --><!-- module video -->\n<div  class=\"module module-video tb_g5mg181 video-top  \" data-lazy=\"1\" data-url=\"https:\/\/youtu.be\/c_Kb-cXj0_o\">\n            <div class=\"video-wrap tf_rel tf_overflow\">\n\t    <\/div>\n    <!-- \/video-wrap -->\n\n    <\/div>\n<!-- module text -->\n<div  class=\"module module-text tb_cxje18   \" data-lazy=\"1\">\n            <div  class=\"tb_text_wrap\">\n    <p style=\"text-align: center;\"><strong>Kr\u00e1sa bez skalpelu 4. \u010d\u00e1st<\/strong><\/p>\n<p style=\"text-align: center;\">p\u0159ipravujeme<\/p>    <\/div>\n<\/div>\n<!-- \/module text -->\t        <\/div>\n\t    \t<\/div>\n\t\t<div  data-lazy=\"1\" class=\"sub_column module_column tf_box col4-1 last tb_8otq121\"> \n\t    \t    \t<\/div>\n\t\t    <\/div>\n\t<\/div><!-- \/themify_builder_sub_row -->\n\t\t        <\/div>\n\t    \t<\/div>\n\t\t    <\/div>\n\t    <!-- \/row_inner -->\n\t<\/div>\n\t<!-- \/module_row -->\n\t<\/div>\n\n    <!-- themify_builder_pagination -->\n    <div class=\"pagenav tf_clear tf_box tf_textr clearfix\"> <span class=\"number current\">1<\/span>  <a href=\"\/index.php\/wp-json\/wp\/v2\/pages\/3854?tb-page=2\" class=\"number\">2<\/a> <\/div>    <!-- \/themify_builder_pagination -->\n\t","protected":false},"excerpt":{"rendered":"<p>Kr\u00e1sa bez skalpelu &#8211; seri\u00e1l R\u00e1dia Jih Kr\u00e1sa bez skalpelu 1. \u010d\u00e1st Kr\u00e1sa bez skalpelu 3. \u010d\u00e1st Kr\u00e1sa bez skalpelu 2. \u010d\u00e1st Kr\u00e1sa bez skalpelu 4. \u010d\u00e1st p\u0159ipravujeme<\/p>\n","protected":false},"author":3,"featured_media":0,"parent":0,"menu_order":0,"comment_status":"closed","ping_status":"closed","template":"","meta":[],"categories":[],"tags":[],"builder_content":"<h1 style=\"text-align: center;\">Kr\u00e1sa bez skalpelu - seri\u00e1l R\u00e1dia Jih<\/h1>\n<p style=\"text-align: center;\"><strong>Kr\u00e1sa bez skalpelu 1. \u010d\u00e1st<\/strong><\/p>\n\n<p style=\"text-align: center;\"><strong>Kr\u00e1sa bez skalpelu 3. \u010d\u00e1st<\/strong><\/p>\n\n<p style=\"text-align: center;\"><strong>Kr\u00e1sa bez skalpelu 2. \u010d\u00e1st<\/strong><\/p>\n\n<p style=\"text-align: center;\"><strong>Kr\u00e1sa bez skalpelu 4. \u010d\u00e1st<\/strong><\/p> <p style=\"text-align: center;\">p\u0159ipravujeme<\/p>\n","_links":{"self":[{"href":"https:\/\/www.eczk.cz\/index.php\/wp-json\/wp\/v2\/pages\/3854"}],"collection":[{"href":"https:\/\/www.eczk.cz\/index.php\/wp-json\/wp\/v2\/pages"}],"about":[{"href":"https:\/\/www.eczk.cz\/index.php\/wp-json\/wp\/v2\/types\/page"}],"author":[{"embeddable":true,"href":"https:\/\/www.eczk.cz\/index.php\/wp-json\/wp\/v2\/users\/3"}],"replies":[{"embeddable":true,"href":"https:\/\/www.eczk.cz\/index.php\/wp-json\/wp\/v2\/comments?post=3854"}],"version-history":[{"count":18,"href":"https:\/\/www.eczk.cz\/index.php\/wp-json\/wp\/v2\/pages\/3854\/revisions"}],"predecessor-version":[{"id":3885,"href":"https:\/\/www.eczk.cz\/index.php\/wp-json\/wp\/v2\/pages\/3854\/revisions\/3885"}],"wp:attachment":[{"href":"https:\/\/www.eczk.cz\/index.php\/wp-json\/wp\/v2\/media?parent=3854"}],"wp:term":[{"taxonomy":"category","embeddable":true,"href":"https:\/\/www.eczk.cz\/index.php\/wp-json\/wp\/v2\/categories?post=3854"},{"taxonomy":"post_tag","embeddable":true,"href":"https:\/\/www.eczk.cz\/index.php\/wp-json\/wp\/v2\/tags?post=3854"}],"curies":[{"name":"wp","href":"https:\/\/api.w.org\/{rel}","templated":true}]}}