{"id":3794,"date":"2025-11-03T17:23:45","date_gmt":"2025-11-03T15:23:45","guid":{"rendered":"https:\/\/www.eczk.cz\/?page_id=3794"},"modified":"2025-11-03T17:23:46","modified_gmt":"2025-11-03T15:23:46","slug":"kristyna-malirova","status":"publish","type":"page","link":"https:\/\/www.eczk.cz\/index.php\/kristyna-malirova\/","title":{"rendered":"Krist\u00fdna Mal\u00ed\u0159ov\u00e1"},"content":{"rendered":"<div id=\"themify_builder_content-3794\" data-postid=\"3794\" class=\"themify_builder_content themify_builder_content-3794 themify_builder tf_clear\">\n    \t<!-- module_row -->\n\t<div   data-css_id=\"tb_5wl3123\" data-lazy=\"1\" class=\"themify_builder_row module_row fullwidth tb_5wl3123 tb_first clearfix\">\n\t    \t    <div class=\"row_inner col_align_top tf_box tf_w tf_rel\" >\n\t\t\t<div  data-lazy=\"1\" class=\"module_column tb-column col-full first tb_9uoo123 tf_box\">\n\t    \t    \t        <div class=\"tb-column-inner tf_box tf_w\">\n\t\t    <!-- module text -->\n<div  class=\"module module-text tb_am9n587   \" data-lazy=\"1\">\n            <div  class=\"tb_text_wrap\">\n    <h3 style=\"text-align: center;\"><a title=\"https:\/\/www.instagram.com\/anetavignerova\/\" href=\"https:\/\/www.instagram.com\/kristyna_malirova\/\" target=\"_blank\" rel=\"noreferrer noopener\">Krist\u00fdna Mal\u00ed\u0159ov\u00e1<\/a><\/h3>    <\/div>\n<\/div>\n<!-- \/module text --><!-- module gallery -->\n<div  class=\"module gallery module-gallery tb_4pbd643 layout-grid  \" data-lazy=\"1\">\n            <div class=\"module-gallery-grid gallery-columns-3 tf_clear\">\n\t\t\t<dl class=\"gallery-item\">\n\t\t\t<dt class=\"gallery-icon\">\n\t\t\t<a data-title=\"\" title=\"\" href=\"https:\/\/www.eczk.cz\/wp-content\/uploads\/2025\/11\/WhatsApp-Image-2025-11-02-at-18.57.49-3.jpeg\" data-rel=\"tb_4pbd643\" class=\"themify_lightbox\"><img loading=\"lazy\" src=\"https:\/\/www.eczk.cz\/wp-content\/uploads\/2025\/11\/WhatsApp-Image-2025-11-02-at-18.57.49-3-768x1024-300x200.jpeg\" width=\"300\" height=\"200\" class=\"wp-post-image wp-image-3789\" title=\"WhatsApp Image 2025-11-02 at 18.57.49 (3)\" alt=\"WhatsApp Image 2025-11-02 at 18.57.49 (3)\"><\/a>\t\t\t<\/dt>\n\t\t\t<dd>\n\t\t\t\t\t\t\t\t\t\t\t<\/dd>\n\t\t<\/dl>\n\t\t\t<dl class=\"gallery-item\">\n\t\t\t<dt class=\"gallery-icon\">\n\t\t\t<a data-title=\"\" title=\"\" href=\"https:\/\/www.eczk.cz\/wp-content\/uploads\/2025\/11\/WhatsApp-Image-2025-11-02-at-18.57.49-2.jpeg\" data-rel=\"tb_4pbd643\" class=\"themify_lightbox\"><img loading=\"lazy\" src=\"https:\/\/www.eczk.cz\/wp-content\/uploads\/2025\/11\/WhatsApp-Image-2025-11-02-at-18.57.49-2-768x1024-300x200.jpeg\" width=\"300\" height=\"200\" class=\"wp-post-image wp-image-3790\" title=\"WhatsApp Image 2025-11-02 at 18.57.49 (2)\" alt=\"WhatsApp Image 2025-11-02 at 18.57.49 (2)\"><\/a>\t\t\t<\/dt>\n\t\t\t<dd>\n\t\t\t\t\t\t\t\t\t\t\t<\/dd>\n\t\t<\/dl>\n\t\t\t<dl class=\"gallery-item\">\n\t\t\t<dt class=\"gallery-icon\">\n\t\t\t<a data-title=\"\" title=\"\" href=\"https:\/\/www.eczk.cz\/wp-content\/uploads\/2025\/11\/WhatsApp-Image-2025-11-02-at-18.57.49-1.jpeg\" data-rel=\"tb_4pbd643\" class=\"themify_lightbox\"><img loading=\"lazy\" src=\"https:\/\/www.eczk.cz\/wp-content\/uploads\/2025\/11\/WhatsApp-Image-2025-11-02-at-18.57.49-1-813x1024-300x200.jpeg\" width=\"300\" height=\"200\" class=\"wp-post-image wp-image-3791\" title=\"WhatsApp Image 2025-11-02 at 18.57.49 (1)\" alt=\"WhatsApp Image 2025-11-02 at 18.57.49 (1)\"><\/a>\t\t\t<\/dt>\n\t\t\t<dd>\n\t\t\t\t\t\t\t\t\t\t\t<\/dd>\n\t\t<\/dl>\n\t\t\t<dl class=\"gallery-item\">\n\t\t\t<dt class=\"gallery-icon\">\n\t\t\t<a data-title=\"\" title=\"\" href=\"https:\/\/www.eczk.cz\/wp-content\/uploads\/2025\/11\/WhatsApp-Image-2025-11-02-at-18.57.49.jpeg\" data-rel=\"tb_4pbd643\" class=\"themify_lightbox\"><img loading=\"lazy\" src=\"https:\/\/www.eczk.cz\/wp-content\/uploads\/2025\/11\/WhatsApp-Image-2025-11-02-at-18.57.49-768x1024-300x200.jpeg\" width=\"300\" height=\"200\" class=\"wp-post-image wp-image-3792\" title=\"WhatsApp Image 2025-11-02 at 18.57.49\" alt=\"WhatsApp Image 2025-11-02 at 18.57.49\"><\/a>\t\t\t<\/dt>\n\t\t\t<dd>\n\t\t\t\t\t\t\t\t\t\t\t<\/dd>\n\t\t<\/dl>\n\t\t\t<dl class=\"gallery-item\">\n\t\t\t<dt class=\"gallery-icon\">\n\t\t\t<a data-title=\"\" title=\"\" href=\"https:\/\/www.eczk.cz\/wp-content\/uploads\/2025\/11\/WhatsApp-Image-2025-11-02-at-18.57.48.jpeg\" data-rel=\"tb_4pbd643\" class=\"themify_lightbox\"><img loading=\"lazy\" src=\"https:\/\/www.eczk.cz\/wp-content\/uploads\/2025\/11\/WhatsApp-Image-2025-11-02-at-18.57.48-768x1024-300x200.jpeg\" width=\"300\" height=\"200\" class=\"wp-post-image wp-image-3793\" title=\"WhatsApp Image 2025-11-02 at 18.57.48\" alt=\"WhatsApp Image 2025-11-02 at 18.57.48\"><\/a>\t\t\t<\/dt>\n\t\t\t<dd>\n\t\t\t\t\t\t\t\t\t\t\t<\/dd>\n\t\t<\/dl>\n\t<\/div>\n\n<\/div>\n<!-- \/module gallery -->\n\t        <\/div>\n\t    \t<\/div>\n\t\t    <\/div>\n\t    <!-- \/row_inner -->\n\t<\/div>\n\t<!-- \/module_row -->\n\t<\/div>\n\n","protected":false},"excerpt":{"rendered":"<p>Krist\u00fdna Mal\u00ed\u0159ov\u00e1<\/p>\n","protected":false},"author":3,"featured_media":0,"parent":0,"menu_order":0,"comment_status":"closed","ping_status":"closed","template":"","meta":[],"categories":[],"tags":[],"builder_content":"<h3 style=\"text-align: center;\"><a title=\"https:\/\/www.instagram.com\/anetavignerova\/\" href=\"https:\/\/www.instagram.com\/kristyna_malirova\/\" target=\"_blank\" rel=\"noreferrer noopener\">Krist\u00fdna Mal\u00ed\u0159ov\u00e1<\/a><\/h3>\n[gallery ids=\"3789,3790,3791,3792,3793\"]","_links":{"self":[{"href":"https:\/\/www.eczk.cz\/index.php\/wp-json\/wp\/v2\/pages\/3794"}],"collection":[{"href":"https:\/\/www.eczk.cz\/index.php\/wp-json\/wp\/v2\/pages"}],"about":[{"href":"https:\/\/www.eczk.cz\/index.php\/wp-json\/wp\/v2\/types\/page"}],"author":[{"embeddable":true,"href":"https:\/\/www.eczk.cz\/index.php\/wp-json\/wp\/v2\/users\/3"}],"replies":[{"embeddable":true,"href":"https:\/\/www.eczk.cz\/index.php\/wp-json\/wp\/v2\/comments?post=3794"}],"version-history":[{"count":2,"href":"https:\/\/www.eczk.cz\/index.php\/wp-json\/wp\/v2\/pages\/3794\/revisions"}],"predecessor-version":[{"id":3797,"href":"https:\/\/www.eczk.cz\/index.php\/wp-json\/wp\/v2\/pages\/3794\/revisions\/3797"}],"wp:attachment":[{"href":"https:\/\/www.eczk.cz\/index.php\/wp-json\/wp\/v2\/media?parent=3794"}],"wp:term":[{"taxonomy":"category","embeddable":true,"href":"https:\/\/www.eczk.cz\/index.php\/wp-json\/wp\/v2\/categories?post=3794"},{"taxonomy":"post_tag","embeddable":true,"href":"https:\/\/www.eczk.cz\/index.php\/wp-json\/wp\/v2\/tags?post=3794"}],"curies":[{"name":"wp","href":"https:\/\/api.w.org\/{rel}","templated":true}]}}