{"id":3302,"date":"2023-06-14T08:39:00","date_gmt":"2023-06-14T06:39:00","guid":{"rendered":"https:\/\/www.eczk.cz\/?page_id=3302"},"modified":"2023-06-14T08:39:02","modified_gmt":"2023-06-14T06:39:02","slug":"tomas-repka","status":"publish","type":"page","link":"https:\/\/www.eczk.cz\/index.php\/tomas-repka\/","title":{"rendered":"Tom\u00e1\u0161 \u0158epka"},"content":{"rendered":"<div id=\"themify_builder_content-3302\" data-postid=\"3302\" class=\"themify_builder_content themify_builder_content-3302 themify_builder tf_clear\">\n    \t<!-- module_row -->\n\t<div   data-css_id=\"tb_5wl3123\" data-lazy=\"1\" class=\"themify_builder_row module_row fullwidth tb_5wl3123 tb_first clearfix\">\n\t    \t    <div class=\"row_inner col_align_top tf_box tf_w tf_rel\" >\n\t\t\t<div  data-lazy=\"1\" class=\"module_column tb-column col-full first tb_9uoo123 tf_box\">\n\t    \t    \t        <div class=\"tb-column-inner tf_box tf_w\">\n\t\t    <!-- module text -->\n<div  class=\"module module-text tb_am9n587   \" data-lazy=\"1\">\n            <div  class=\"tb_text_wrap\">\n    <h3 style=\"text-align: center;\"><a title=\"https:\/\/www.instagram.com\/anetavignerova\/\" href=\"https:\/\/www.instagram.com\/anetavignerova\/\" target=\"_blank\" rel=\"noreferrer noopener\">Aneta Vignerov\u00e1<\/a><\/h3>    <\/div>\n<\/div>\n<!-- \/module text --><!-- module gallery -->\n<div  class=\"module gallery module-gallery tb_4pbd643 layout-grid  \" data-lazy=\"1\">\n            <div class=\"module-gallery-grid gallery-columns-3 tf_clear\">\n\t\t\t<dl class=\"gallery-item\">\n\t\t\t<dt class=\"gallery-icon\">\n\t\t\t<a data-title=\"\" title=\"\" href=\"https:\/\/www.eczk.cz\/wp-content\/uploads\/2023\/06\/D2AD48AA-3026-4684-861A-399444DA9D93-scaled.jpeg\" data-rel=\"tb_4pbd643\" class=\"themify_lightbox\"><img loading=\"lazy\" src=\"https:\/\/www.eczk.cz\/wp-content\/uploads\/2023\/06\/D2AD48AA-3026-4684-861A-399444DA9D93-608x1024-300x200.jpeg\" width=\"300\" height=\"200\" class=\"wp-post-image wp-image-3309\" title=\"D2AD48AA-3026-4684-861A-399444DA9D93\" alt=\"D2AD48AA-3026-4684-861A-399444DA9D93\"><\/a>\t\t\t<\/dt>\n\t\t\t<dd>\n\t\t\t\t\t\t\t\t\t\t\t<\/dd>\n\t\t<\/dl>\n\t\t\t<dl class=\"gallery-item\">\n\t\t\t<dt class=\"gallery-icon\">\n\t\t\t<a data-title=\"\" title=\"\" href=\"https:\/\/www.eczk.cz\/wp-content\/uploads\/2023\/06\/3BD82AD4-1EB1-4E51-A05D-4ACEF5259BE4-scaled.jpeg\" data-rel=\"tb_4pbd643\" class=\"themify_lightbox\"><img loading=\"lazy\" src=\"https:\/\/www.eczk.cz\/wp-content\/uploads\/2023\/06\/3BD82AD4-1EB1-4E51-A05D-4ACEF5259BE4-946x1024-300x200.jpeg\" width=\"300\" height=\"200\" class=\"wp-post-image wp-image-3303\" title=\"3BD82AD4-1EB1-4E51-A05D-4ACEF5259BE4\" alt=\"3BD82AD4-1EB1-4E51-A05D-4ACEF5259BE4\"><\/a>\t\t\t<\/dt>\n\t\t\t<dd>\n\t\t\t\t\t\t\t\t\t\t\t<\/dd>\n\t\t<\/dl>\n\t\t\t<dl class=\"gallery-item\">\n\t\t\t<dt class=\"gallery-icon\">\n\t\t\t<a data-title=\"\" title=\"\" href=\"https:\/\/www.eczk.cz\/wp-content\/uploads\/2023\/06\/6DAE84B2-34EF-46B0-B07B-41D22D662A7B-scaled.jpeg\" data-rel=\"tb_4pbd643\" class=\"themify_lightbox\"><img loading=\"lazy\" src=\"https:\/\/www.eczk.cz\/wp-content\/uploads\/2023\/06\/6DAE84B2-34EF-46B0-B07B-41D22D662A7B-768x1024-300x200.jpeg\" width=\"300\" height=\"200\" class=\"wp-post-image wp-image-3304\" title=\"6DAE84B2-34EF-46B0-B07B-41D22D662A7B\" alt=\"6DAE84B2-34EF-46B0-B07B-41D22D662A7B\"><\/a>\t\t\t<\/dt>\n\t\t\t<dd>\n\t\t\t\t\t\t\t\t\t\t\t<\/dd>\n\t\t<\/dl>\n\t\t\t<dl class=\"gallery-item\">\n\t\t\t<dt class=\"gallery-icon\">\n\t\t\t<a data-title=\"\" title=\"\" href=\"https:\/\/www.eczk.cz\/wp-content\/uploads\/2023\/06\/98A97F8B-8A0B-46F8-95DB-4854509C3CCC-scaled.jpeg\" data-rel=\"tb_4pbd643\" class=\"themify_lightbox\"><img loading=\"lazy\" src=\"https:\/\/www.eczk.cz\/wp-content\/uploads\/2023\/06\/98A97F8B-8A0B-46F8-95DB-4854509C3CCC-768x1024-300x200.jpeg\" width=\"300\" height=\"200\" class=\"wp-post-image wp-image-3305\" title=\"98A97F8B-8A0B-46F8-95DB-4854509C3CCC\" alt=\"98A97F8B-8A0B-46F8-95DB-4854509C3CCC\"><\/a>\t\t\t<\/dt>\n\t\t\t<dd>\n\t\t\t\t\t\t\t\t\t\t\t<\/dd>\n\t\t<\/dl>\n\t\t\t<dl class=\"gallery-item\">\n\t\t\t<dt class=\"gallery-icon\">\n\t\t\t<a data-title=\"\" title=\"\" href=\"https:\/\/www.eczk.cz\/wp-content\/uploads\/2023\/06\/117EF2B1-3B75-45BF-83A4-46CD38C73E97-scaled.jpeg\" data-rel=\"tb_4pbd643\" class=\"themify_lightbox\"><img loading=\"lazy\" src=\"https:\/\/www.eczk.cz\/wp-content\/uploads\/2023\/06\/117EF2B1-3B75-45BF-83A4-46CD38C73E97-768x1024-300x200.jpeg\" width=\"300\" height=\"200\" class=\"wp-post-image wp-image-3306\" title=\"117EF2B1-3B75-45BF-83A4-46CD38C73E97\" alt=\"117EF2B1-3B75-45BF-83A4-46CD38C73E97\"><\/a>\t\t\t<\/dt>\n\t\t\t<dd>\n\t\t\t\t\t\t\t\t\t\t\t<\/dd>\n\t\t<\/dl>\n\t\t\t<dl class=\"gallery-item\">\n\t\t\t<dt class=\"gallery-icon\">\n\t\t\t<a data-title=\"\" title=\"\" href=\"https:\/\/www.eczk.cz\/wp-content\/uploads\/2023\/06\/4403E060-B475-45ED-AD28-54C99C9AC4CF-scaled.jpeg\" data-rel=\"tb_4pbd643\" class=\"themify_lightbox\"><img loading=\"lazy\" src=\"https:\/\/www.eczk.cz\/wp-content\/uploads\/2023\/06\/4403E060-B475-45ED-AD28-54C99C9AC4CF-768x1024-300x200.jpeg\" width=\"300\" height=\"200\" class=\"wp-post-image wp-image-3307\" title=\"4403E060-B475-45ED-AD28-54C99C9AC4CF\" alt=\"4403E060-B475-45ED-AD28-54C99C9AC4CF\"><\/a>\t\t\t<\/dt>\n\t\t\t<dd>\n\t\t\t\t\t\t\t\t\t\t\t<\/dd>\n\t\t<\/dl>\n\t\t\t<dl class=\"gallery-item\">\n\t\t\t<dt class=\"gallery-icon\">\n\t\t\t<a data-title=\"\" title=\"\" href=\"https:\/\/www.eczk.cz\/wp-content\/uploads\/2023\/06\/C5DD8B58-153C-427F-A720-49C46419F226-scaled.jpeg\" data-rel=\"tb_4pbd643\" class=\"themify_lightbox\"><img loading=\"lazy\" src=\"https:\/\/www.eczk.cz\/wp-content\/uploads\/2023\/06\/C5DD8B58-153C-427F-A720-49C46419F226-768x1024-300x200.jpeg\" width=\"300\" height=\"200\" class=\"wp-post-image wp-image-3308\" title=\"C5DD8B58-153C-427F-A720-49C46419F226\" alt=\"C5DD8B58-153C-427F-A720-49C46419F226\"><\/a>\t\t\t<\/dt>\n\t\t\t<dd>\n\t\t\t\t\t\t\t\t\t\t\t<\/dd>\n\t\t<\/dl>\n\t\t\t<dl class=\"gallery-item\">\n\t\t\t<dt class=\"gallery-icon\">\n\t\t\t<a data-title=\"\" title=\"\" href=\"https:\/\/www.eczk.cz\/wp-content\/uploads\/2023\/06\/E121E06D-657D-4823-94EA-72C606A94ADC-scaled.jpeg\" data-rel=\"tb_4pbd643\" class=\"themify_lightbox\"><img loading=\"lazy\" src=\"https:\/\/www.eczk.cz\/wp-content\/uploads\/2023\/06\/E121E06D-657D-4823-94EA-72C606A94ADC-768x1024-300x200.jpeg\" width=\"300\" height=\"200\" class=\"wp-post-image wp-image-3310\" title=\"E121E06D-657D-4823-94EA-72C606A94ADC\" alt=\"E121E06D-657D-4823-94EA-72C606A94ADC\"><\/a>\t\t\t<\/dt>\n\t\t\t<dd>\n\t\t\t\t\t\t\t\t\t\t\t<\/dd>\n\t\t<\/dl>\n\t\t\t<dl class=\"gallery-item\">\n\t\t\t<dt class=\"gallery-icon\">\n\t\t\t<a data-title=\"\" title=\"\" href=\"https:\/\/www.eczk.cz\/wp-content\/uploads\/2023\/06\/FAE06B1A-C6C7-4576-8E37-D3B53EA2F797-scaled.jpeg\" data-rel=\"tb_4pbd643\" class=\"themify_lightbox\"><img loading=\"lazy\" src=\"https:\/\/www.eczk.cz\/wp-content\/uploads\/2023\/06\/FAE06B1A-C6C7-4576-8E37-D3B53EA2F797-811x1024-300x200.jpeg\" width=\"300\" height=\"200\" class=\"wp-post-image wp-image-3311\" title=\"FAE06B1A-C6C7-4576-8E37-D3B53EA2F797\" alt=\"FAE06B1A-C6C7-4576-8E37-D3B53EA2F797\"><\/a>\t\t\t<\/dt>\n\t\t\t<dd>\n\t\t\t\t\t\t\t\t\t\t\t<\/dd>\n\t\t<\/dl>\n\t<\/div>\n\n<\/div>\n<!-- \/module gallery -->\n\t        <\/div>\n\t    \t<\/div>\n\t\t    <\/div>\n\t    <!-- \/row_inner -->\n\t<\/div>\n\t<!-- \/module_row -->\n\t<\/div>\n\n","protected":false},"excerpt":{"rendered":"<p>Aneta Vignerov\u00e1<\/p>\n","protected":false},"author":3,"featured_media":0,"parent":0,"menu_order":0,"comment_status":"closed","ping_status":"closed","template":"","meta":[],"categories":[],"tags":[],"builder_content":"<h3 style=\"text-align: center;\"><a title=\"https:\/\/www.instagram.com\/anetavignerova\/\" href=\"https:\/\/www.instagram.com\/anetavignerova\/\" target=\"_blank\" rel=\"noreferrer noopener\">Aneta Vignerov\u00e1<\/a><\/h3>\n[gallery ids=\"3309,3303,3304,3305,3306,3307,3308,3310,3311\"]","_links":{"self":[{"href":"https:\/\/www.eczk.cz\/index.php\/wp-json\/wp\/v2\/pages\/3302"}],"collection":[{"href":"https:\/\/www.eczk.cz\/index.php\/wp-json\/wp\/v2\/pages"}],"about":[{"href":"https:\/\/www.eczk.cz\/index.php\/wp-json\/wp\/v2\/types\/page"}],"author":[{"embeddable":true,"href":"https:\/\/www.eczk.cz\/index.php\/wp-json\/wp\/v2\/users\/3"}],"replies":[{"embeddable":true,"href":"https:\/\/www.eczk.cz\/index.php\/wp-json\/wp\/v2\/comments?post=3302"}],"version-history":[{"count":1,"href":"https:\/\/www.eczk.cz\/index.php\/wp-json\/wp\/v2\/pages\/3302\/revisions"}],"predecessor-version":[{"id":3312,"href":"https:\/\/www.eczk.cz\/index.php\/wp-json\/wp\/v2\/pages\/3302\/revisions\/3312"}],"wp:attachment":[{"href":"https:\/\/www.eczk.cz\/index.php\/wp-json\/wp\/v2\/media?parent=3302"}],"wp:term":[{"taxonomy":"category","embeddable":true,"href":"https:\/\/www.eczk.cz\/index.php\/wp-json\/wp\/v2\/categories?post=3302"},{"taxonomy":"post_tag","embeddable":true,"href":"https:\/\/www.eczk.cz\/index.php\/wp-json\/wp\/v2\/tags?post=3302"}],"curies":[{"name":"wp","href":"https:\/\/api.w.org\/{rel}","templated":true}]}}