{"id":2988,"date":"2022-06-15T12:21:06","date_gmt":"2022-06-15T10:21:06","guid":{"rendered":"http:\/\/www.eczk.cz\/?page_id=2988"},"modified":"2022-06-15T12:21:07","modified_gmt":"2022-06-15T10:21:07","slug":"iveta-lutovska-vitova","status":"publish","type":"page","link":"https:\/\/www.eczk.cz\/index.php\/iveta-lutovska-vitova\/","title":{"rendered":"Iveta Lutovsk\u00e1 V\u00edtov\u00e1"},"content":{"rendered":"<div id=\"themify_builder_content-2988\" data-postid=\"2988\" class=\"themify_builder_content themify_builder_content-2988 themify_builder tf_clear\">\n    \t<!-- module_row -->\n\t<div   data-css_id=\"tb_5wl3123\" data-lazy=\"1\" class=\"themify_builder_row module_row fullwidth tb_5wl3123 tb_first clearfix\">\n\t    \t    <div class=\"row_inner col_align_top tf_box tf_w tf_rel\" >\n\t\t\t<div  data-lazy=\"1\" class=\"module_column tb-column col-full first tb_9uoo123 tf_box\">\n\t    \t    \t        <div class=\"tb-column-inner tf_box tf_w\">\n\t\t    <!-- module text -->\n<div  class=\"module module-text tb_zsts493   \" data-lazy=\"1\">\n            <div  class=\"tb_text_wrap\">\n    <h3 style=\"text-align: center;\"><a href=\"https:\/\/www.instagram.com\/iveta_lutovska_vitova\/?hl=cs\" target=\"_blank\" rel=\"noreferrer noopener\">Iveta Lutovsk\u00e1 V\u00edtov\u00e1<\/a><\/h3>    <\/div>\n<\/div>\n<!-- \/module text --><!-- module gallery -->\n<div  class=\"module gallery module-gallery tb_peqc788 layout-grid  \" data-lazy=\"1\">\n            <div class=\"module-gallery-grid gallery-columns-3 tf_clear\">\n\t\t\t<dl class=\"gallery-item\">\n\t\t\t<dt class=\"gallery-icon\">\n\t\t\t<a data-title=\"\" title=\"\" href=\"https:\/\/www.eczk.cz\/wp-content\/uploads\/2021\/04\/IMG_0411-scaled.jpg\" data-rel=\"tb_peqc788\" class=\"themify_lightbox\"><img loading=\"lazy\" src=\"https:\/\/www.eczk.cz\/wp-content\/uploads\/2021\/04\/IMG_0411-768x1024-300x200.jpg\" width=\"300\" height=\"200\" class=\"wp-post-image wp-image-2337\" title=\"IMG_0411\" alt=\"IMG_0411\"><\/a>\t\t\t<\/dt>\n\t\t\t<dd>\n\t\t\t\t\t\t\t\t\t\t\t<\/dd>\n\t\t<\/dl>\n\t\t\t<dl class=\"gallery-item\">\n\t\t\t<dt class=\"gallery-icon\">\n\t\t\t<a data-title=\"\" title=\"\" href=\"https:\/\/www.eczk.cz\/wp-content\/uploads\/2021\/04\/IMG_0536-scaled.jpg\" data-rel=\"tb_peqc788\" class=\"themify_lightbox\"><img loading=\"lazy\" src=\"https:\/\/www.eczk.cz\/wp-content\/uploads\/2021\/04\/IMG_0536-768x1024-300x200.jpg\" width=\"300\" height=\"200\" class=\"wp-post-image wp-image-2349\" title=\"IMG_0536\" alt=\"IMG_0536\"><\/a>\t\t\t<\/dt>\n\t\t\t<dd>\n\t\t\t\t\t\t\t\t\t\t\t<\/dd>\n\t\t<\/dl>\n\t\t\t<dl class=\"gallery-item\">\n\t\t\t<dt class=\"gallery-icon\">\n\t\t\t<a data-title=\"\" title=\"\" href=\"https:\/\/www.eczk.cz\/wp-content\/uploads\/2021\/04\/IMG_0522-scaled.jpg\" data-rel=\"tb_peqc788\" class=\"themify_lightbox\"><img loading=\"lazy\" src=\"https:\/\/www.eczk.cz\/wp-content\/uploads\/2021\/04\/IMG_0522-768x1024-300x200.jpg\" width=\"300\" height=\"200\" class=\"wp-post-image wp-image-2347\" title=\"IMG_0522\" alt=\"IMG_0522\"><\/a>\t\t\t<\/dt>\n\t\t\t<dd>\n\t\t\t\t\t\t\t\t\t\t\t<\/dd>\n\t\t<\/dl>\n\t\t\t<dl class=\"gallery-item\">\n\t\t\t<dt class=\"gallery-icon\">\n\t\t\t<a data-title=\"\" title=\"\" href=\"https:\/\/www.eczk.cz\/wp-content\/uploads\/2021\/04\/IMG_0518-scaled.jpg\" data-rel=\"tb_peqc788\" class=\"themify_lightbox\"><img loading=\"lazy\" src=\"https:\/\/www.eczk.cz\/wp-content\/uploads\/2021\/04\/IMG_0518-768x1024-300x200.jpg\" width=\"300\" height=\"200\" class=\"wp-post-image wp-image-2346\" title=\"IMG_0518\" alt=\"IMG_0518\"><\/a>\t\t\t<\/dt>\n\t\t\t<dd>\n\t\t\t\t\t\t\t\t\t\t\t<\/dd>\n\t\t<\/dl>\n\t\t\t<dl class=\"gallery-item\">\n\t\t\t<dt class=\"gallery-icon\">\n\t\t\t<a data-title=\"\" title=\"\" href=\"https:\/\/www.eczk.cz\/wp-content\/uploads\/2021\/04\/IMG_0512-scaled.jpg\" data-rel=\"tb_peqc788\" class=\"themify_lightbox\"><img loading=\"lazy\" src=\"https:\/\/www.eczk.cz\/wp-content\/uploads\/2021\/04\/IMG_0512-768x1024-300x200.jpg\" width=\"300\" height=\"200\" class=\"wp-post-image wp-image-2345\" title=\"IMG_0512\" alt=\"IMG_0512\"><\/a>\t\t\t<\/dt>\n\t\t\t<dd>\n\t\t\t\t\t\t\t\t\t\t\t<\/dd>\n\t\t<\/dl>\n\t\t\t<dl class=\"gallery-item\">\n\t\t\t<dt class=\"gallery-icon\">\n\t\t\t<a data-title=\"\" title=\"\" href=\"https:\/\/www.eczk.cz\/wp-content\/uploads\/2021\/04\/IMG_0502-scaled.jpg\" data-rel=\"tb_peqc788\" class=\"themify_lightbox\"><img loading=\"lazy\" src=\"https:\/\/www.eczk.cz\/wp-content\/uploads\/2021\/04\/IMG_0502-768x1024-300x200.jpg\" width=\"300\" height=\"200\" class=\"wp-post-image wp-image-2344\" title=\"IMG_0502\" alt=\"IMG_0502\"><\/a>\t\t\t<\/dt>\n\t\t\t<dd>\n\t\t\t\t\t\t\t\t\t\t\t<\/dd>\n\t\t<\/dl>\n\t<\/div>\n\n<\/div>\n<!-- \/module gallery -->\n\t        <\/div>\n\t    \t<\/div>\n\t\t    <\/div>\n\t    <!-- \/row_inner -->\n\t<\/div>\n\t<!-- \/module_row -->\n\t<\/div>\n\n","protected":false},"excerpt":{"rendered":"<p>Iveta Lutovsk\u00e1 V\u00edtov\u00e1<\/p>\n","protected":false},"author":3,"featured_media":0,"parent":0,"menu_order":0,"comment_status":"closed","ping_status":"closed","template":"","meta":[],"categories":[],"tags":[],"builder_content":"<h3 style=\"text-align: center;\"><a href=\"https:\/\/www.instagram.com\/iveta_lutovska_vitova\/?hl=cs\" target=\"_blank\" rel=\"noreferrer noopener\">Iveta Lutovsk\u00e1 V\u00edtov\u00e1<\/a><\/h3>\n[gallery ids=\"2337,2349,2347,2346,2345,2344\"]","_links":{"self":[{"href":"https:\/\/www.eczk.cz\/index.php\/wp-json\/wp\/v2\/pages\/2988"}],"collection":[{"href":"https:\/\/www.eczk.cz\/index.php\/wp-json\/wp\/v2\/pages"}],"about":[{"href":"https:\/\/www.eczk.cz\/index.php\/wp-json\/wp\/v2\/types\/page"}],"author":[{"embeddable":true,"href":"https:\/\/www.eczk.cz\/index.php\/wp-json\/wp\/v2\/users\/3"}],"replies":[{"embeddable":true,"href":"https:\/\/www.eczk.cz\/index.php\/wp-json\/wp\/v2\/comments?post=2988"}],"version-history":[{"count":2,"href":"https:\/\/www.eczk.cz\/index.php\/wp-json\/wp\/v2\/pages\/2988\/revisions"}],"predecessor-version":[{"id":2990,"href":"https:\/\/www.eczk.cz\/index.php\/wp-json\/wp\/v2\/pages\/2988\/revisions\/2990"}],"wp:attachment":[{"href":"https:\/\/www.eczk.cz\/index.php\/wp-json\/wp\/v2\/media?parent=2988"}],"wp:term":[{"taxonomy":"category","embeddable":true,"href":"https:\/\/www.eczk.cz\/index.php\/wp-json\/wp\/v2\/categories?post=2988"},{"taxonomy":"post_tag","embeddable":true,"href":"https:\/\/www.eczk.cz\/index.php\/wp-json\/wp\/v2\/tags?post=2988"}],"curies":[{"name":"wp","href":"https:\/\/api.w.org\/{rel}","templated":true}]}}